et b(y) = -17*y - 3. Let n(z) = 4*b(z) + 6*r(z). What is n(0)?
0
Let t(a) be the third derivative of -a**6/40 - 7*a**5/20 - a**4/12 - 2*a**3 + 1110*a**2. Determine t(-7).
2
Let q(s) = -s**2 - 8*s - 25. Let i be (143/1287)/(34/(-12) - -3)*-12. Determine q(i).
-25
Let u(b) = 33 - 55 + 28 + 3*b - 6*b. Determine u(6).
-12
Let b(l) = 14*l + 31. Let i(d) = -16*d - 34. Let k(j) = -9*b(j) - 8*i(j). Suppose 1 = -x + 13. Let s = x - 7. Give k(s).
3
Let t(m) = -m**3 + 2*m**2 - 2. Let l = 20 + -11. Suppose 2 = 8*h - l*h. Let n be (-1)/h - 6/(-4). Give t(n).
-2
Let x(t) = -10*t**2 + 5*t + 3. Let a = 2987 + -2990. Give x(a).
-102
Suppose -5*v = g + 14, -g - 2 = 4*v - 2*v. Let t(f) = 6667*f + 6647*f - f**2 - 13317*f + 0 - 2. Calculate t(g).
-56
Let a(b) = -b**3 - 27*b**2 - b - 29. Let h = -3070 - -3043. Calculate a(h).
-2
Let w(u) be the second derivative of -3*u**2 - 10*u + 0*u**3 + 1/24*u**4 - 11/60*u**5 + 0. Let m(t) be the first derivative of w(t). Calculate m(1).
-10
Suppose -2*s = 10, -b + s = -3*s - 20. Let q(t) = -5*t - 1. Let i(d) = d. Let y(h) = -4*h + 1. Let p(z) = -5*i(z) - y(z). Let r(k) = 4*p(k) - q(k). Give r(b).
-3
Let b(n) be the first derivative of n**4/4 - 11*n**2/2 - 4*n - 3811. Give b(4).
16
Let d be (3 + 8/(-7))/(4/(-28)). Let u(x) = x**2 + 8*x - 16. Give u(d).
49
Suppose -3*m + 5 = -1. Let x(k) = 6*k + 2*k - 13 + k**m + 0. Suppose -135 - 25 = 16*z. Determine x(z).
7
Let q(x) = 5*x**3 + 8*x**2 + 8*x - 34. Let j(y) = -6*y**3 - 8*y**2 - 8*y + 43. Let d(c) = 6*j(c) + 7*q(c). Determine d(9).
11
Let z(r) = -8*r + 0*r**3 + 3*r**2 + 10 - 3*r**3 - 11*r**2 + 2*r**3. Let n = -1735 + 1728. What is z(n)?
17
Let t(c) = -7*c**2 + 39*c + 95. Let h(m) = -6*m**2 + 37*m + 91. Let i(p) = -6*h(p) + 5*t(p). Give i(29).
-13
Let z be (-10)/(-200)*20*-4. Let o(f) = 3*f**3 + 12*f**2 - 3*f + 1. Let k(l) = 2*l**3 + 8*l**2 - 2*l + 1. Let v(u) = 8*k(u) - 5*o(u). Calculate v(z).
7
Suppose -5 = 3*v - 2. Let l(z) = -z + 1. Let u(g) = -3*g**2 - 7*g + 7. Let t(j) = v*u(j) + 6*l(j). Suppose 35 = 53*n + 34 - 105. Give t(n).
13
Let f(r) be the second derivative of 3*r**3/2 + 71*r**2 + 3*r - 43. Determine f(-16).
-2
Let r(w) = 4 - 8*w + w + 10*w + 2 - 5*w - w. Suppose 3*j - 20 = -5*k + 4*k, 0 = -k + 3*j - 4. Give r(k).
-18
Let a(x) be the third derivative of x**6/120 - x**5/15 + 2*x**3/3 - 78*x**2 - 1. Let i(o) = -3*o - 18. Let t be i(-7). What is a(t)?
-5
Let h(s) = -s**2 - 102*s + 104. Let k be h(1). Let z(x) = x**2 - x. Let l(m) = -7*m**2 - 2*m. Suppose 3*g - 9 = -0*g. Let p(r) = g*z(r) - l(r). Determine p(k).
9
Let j(l) = -3*l**3 - 14*l - 2*l**3 + 16*l**2 - 46 - 19 + 4*l**3 + 98. Give j(15).
48
Let l(d) = 7*d**3 + 3*d**2 + 28*d + 9. Let q(a) = -a + 33. Let g be q(28). Let z(y) = 3*y**3 + 2*y**2 + 12*y + 4. Let v(i) = g*z(i) - 2*l(i). Calculate v(-3).
-1
Let v(x) be the first derivative of x**3/3 + 11*x**2/2 + 9*x - 771. Calculate v(-11).
9
Let w = 362 + -359. Let x(m) = m + 3494*m**w - 2 + 3*m**2 - 7*m - 3493*m**3. What is x(-5)?
-22
Suppose 2*q = -u - 21 + 35, 5*u - q - 26 = 0. Let h(b) = 4*b**2 - 24*b + 7. Calculate h(u).
7
Let i be ((-30)/(-120))/((-5)/(-20)). Let q(f) = -29*f**2 + 7*f - 6. Give q(i).
-28
Let f = -2 + -1. Let k(d) be the second derivative of -d**3/6 - 3*d**2/2 + 2*d + 1536. Give k(f).
0
Let f(d) = 35*d**2 - d. Let k(r) = 3*r**2 - 33*r + 73. Let h be k(3). What is f(h)?
34
Let n = 5 - -36. Suppose 3*s + i - 121 = -0*i, -2*i + 160 = 4*s. Let q = s - n. Let j(v) = -v**3 - v**2 - v + 2. What is j(q)?
2
Suppose 17 = 2*j + 1. Suppose -j = -n - 2*w, -4*n + 2*w + 0 = -2. Let r(k) = 2 + 1 - 3*k + k**2 + 0 + 0*k**2. What is r(n)?
1
Let y(q) be the second derivative of -5/2*q**2 + 72 + q - 1/2*q**3 - 1/4*q**4. What is y(-4)?
-41
Let o = 8082 - 8084. Let f(g) = 4*g**3 + 3*g**2. What is f(o)?
-20
Let t(y) be the first derivative of -y**4/4 - 4*y**3/3 + y**2 - 6*y + 1. Let o = 415 - 428. Let f(c) = -4*c - 57. Let b be f(o). Give t(b).
9
Let v(n) = -6*n - 4. Suppose 65*o - 67*o = 26. Let t be 3*2/(-3) + o. Let m be 3/t + 3 + 87/(-15). Give v(m).
14
Let d be (7 - 4 - 2)*980. Let t(k) = k**2 - 2 + 493*k - d*k + 3 + 491*k. Determine t(2).
13
Suppose -4*c + 20 - 8 = -2*v, 2*v + c = 13. Let r(k) = v*k + 0 + 4 - 3 - 4. Determine r(2).
5
Let y(o) = 2*o**3 + 47*o**2 + 3. Let u(k) = -3*k**3 - 78*k**2 - k - 6. Let h(f) = -3*u(f) - 5*y(f). Calculate h(-2).
1
Let c(u) = -u**2 + 2. Let m(o) = 46*o. Let q be m(1). Let r = -40 + q. Suppose 5*v - 9*n + 4*n - 10 = 0, -5*v - 3*n - r = 0. Determine c(v).
2
Let r(s) = s - 4 + 4 + s**3 + 3*s**2 - 1 + s. Suppose -176 = 12*o - 140. What is r(o)?
-7
Let t be 2/(-6)*-3 - -5. Let g(i) = -6*i + 1 + 33119*i**2 - 2 - 33118*i**2. Calculate g(t).
-1
Let k be 99/(-44)*8/(-6). Let i(l) = -371*l**3 - 5*l**2 + 9*l - 1 - 3*l + 372*l**k. Calculate i(4).
7
Let k(z) = z**3 - 7*z**2 + 2*z - 15. Let u(p) = -79*p**2 - 27*p + 79 - 24*p - p**3 + 2*p**3 + 57*p**2. Let c be u(24). Determine k(c).
-1
Let t(a) = -2 - 2 + 4 - 1 + a. Let v(g) = -g**2 + 8*g + 1. Let d = 0 - 2. Let y(f) = d*t(f) + v(f). What is y(5)?
8
Let o(z) be the second derivative of z**3/2 - 3*z**2/2 + z - 34. Let w be (-3)/6*(14 - -4). Let h = 5 + w. Calculate o(h).
-15
Let t(j) = j**3 - 5*j**2 - 3*j + 3. Let w be t(6). Let a be 36/(-15 - 429/(-26)). Suppose -w*g + a*g = 3. Let u(r) = -7*r**2 - r + 1. Determine u(g).
-7
Let p(g) = 2*g**2 - 3*g - 2. Let q be 6*((-38)/6 + 5). Let b be q + 11 + (-3)/(-3) + 1. Calculate p(b).
33
Let z(c) = c**3 + 2*c**2 - 61 - 3*c - 176 + 3*c + 240 + c**3. Let x(t) = t - 8. Let w be x(6). Determine z(w).
-5
Let u(w) = 15*w**2 - 281*w + 5. Let s(m) = 51*m**2 - 988*m + 17. Let p(h) = -2*s(h) + 7*u(h). Let o be -2 - (-2)/4*-2. Determine p(o).
1
Let b(q) be the first derivative of -8*q - 237 + 15/2*q**2 + 1/3*q**3. Determine b(-16).
8
Let g(a) be the second derivative of 0 + 1/3*a**3 - 13*a - 1/10*a**5 - 1/3*a**4 + 3/2*a**2. Let n be 2/2*3/(-1). Calculate g(n).
15
Let b(a) = 24*a**2 - 44. Let j(i) = 5 + 5 - 8*i**2 + 5. Let d(w) = -5*b(w) - 14*j(w). Let k(v) be the first derivative of d(v). Calculate k(-1).
16
Let x(u) = -14*u - 61. Let t(i) = -107*i - 4506. Let f be t(-42). Give x(f).
107
Let f(k) = 2*k + 7. Suppose 31*q = -5*q + 432. Suppose -174 + q = -27*t. Determine f(t).
19
Let d(i) = i - 4. Let y = 3 - -40. Suppose 0 = -2*j - y + 9. Let u(l) = -l**3 - 16*l**2 + 18*l + 17. Let g be u(j). What is d(g)?
-4
Let u(m) = -1140*m - 49. Let h(s) = 3609*s + 148. Let o(f) = -6*h(f) - 19*u(f). Calculate o(-6).
7
Let k(g) = -121*g**3 + 20*g**2 - 12 - 2 + 122*g**3 - g - 11. Give k(-20).
-5
Let s be (-657)/(-51) - (-7 - 1170/(-170)). Let a(w) = 9*w - 114. Give a(s).
3
Let s(f) = 2*f**2 - 12*f + 13. Let u be s(5). Suppose u*i + 2*j + 9 = 0, 4*i + 4*j - 1 = -17. Let y be -2*(35/10 + i). Let g(h) = h + 1. Give g(y).
-4
Let y(c) be the first derivative of -76 + 4*c - 5/2*c**2. Determine y(6).
-26
Let u be (-5 - -2)/(-12)*0/(-8). Suppose -m + 3*c = 10, u = -2*m + c + c. Let f(t) = t - 6. Determine f(m).
-1
Let p(d) = -3*d**3 - 4*d**2 + 9*d + 16. Let z be p(-6). Let w = -474 + z. Let k(x) = -x**2 - 8*x - 12. Calculate k(w).
-12
Let p(z) = z**3 - 5*z**2 - 2*z + 2. Let g be 63/6*(190/(-35) + 6). What is p(g)?
26
Let t be 0 + 0 - (-247)/13. Suppose -4*b = -3*a + b + t, -2*b - 14 = -2*a. Let w(c) be the first derivative of c**2 - 12*c + 1327. Give w(a).
4
Let m = 0 - -2. Suppose -m*h - 7 = -17. Let z(x) = 6*x**2 - 5 - 5*x + h - 5*x**2. Determine z(4).
-4
Let m be (-192)/(-320) - (-66)/(-10). Let v(s) = 29*s - 34. Let j(n) = 14*n - 16. Let o(q) = m*v(q) + 13*j(q). What is o(2)?
12
Let g = 2 - 9. Let u(b) = -3 + 341*b**2 - 44*b**2 - 211*b**2 - 42*b**2 - 8*b - 45*b**2. Calculate u(g).
4
Let b(z) = 2*z**2 - 4 + z**3 - z - 3 + 5. Let o(n) = 3*n**3 + 6*n**2 - 3*n - 7. Suppose -a = t - 1 + 3, -2*a - 39 = -5*t. Let g(v) = a*b(v) + 2*o(v). Give g(1).
-2
Let z be (-2 - 48/(-20)) + (-192)/(-20). Let u = z + -16. Let i(j) be the second derivative of j**4/12 + 7*j**3/6 + 2*j**2 + 3*j. Give i(u).
-2
Let l(k) = -k**2 + 1. Let i(b) = 7*b**2 + 9*b + 4. Let s(m) = -i(m) - 6*l(m). Let h be (-1 - 2) + -39*5/(-15). Suppose -h*a + 4 - 74 = 0. Determine s(a).
4
Suppose 197*a = 202*a - 85. Suppose -62 - 6 = -a*m. Let b(r) = -9*r + 4. Determine b(m).
-32
Suppose -3667 = -106*y - 5045. Let z(o) = -o**2 - 1